 is divided by 18.
14
Calculate the remainder when 21 is divided by 0 - -9 - (-7)/(-7).
5
Suppose -8*i + 171 = 51. Let m be (-1)/(-3)*(7 - -2). Suppose m*l - k + 3*k - 123 = 0, -4*l - 2*k + 166 = 0. What is the remainder when l is divided by i?
13
Let a(t) = t**3 - 5 - 2*t + 1 + t - t**2 - 2*t**2. Let c be (4/8)/((-2)/(-16)). What is the remainder when 14 is divided by a(c)?
6
Let k(f) = -2*f + f + 10 - 7*f - 12 - f**2. Calculate the remainder when k(-4) is divided by 5.
4
Let f(m) = 3*m - 2. What is the remainder when f(6) is divided by 10?
6
Suppose p - 20 = 5*p, 4*t = p + 21. Suppose -59 = -3*a - l - 3*l, t*a + 2*l - 62 = 0. Let j = 10 - -15. Calculate the remainder when j is divided by a.
12
Let i = -5 - -9. Suppose 7 = 5*t - i*t. What is the remainder when 20 is divided by t?
6
Calculate the remainder when (-4 + 5 - -53) + -1 is divided by 19.
15
Suppose 0 = -2*i + 3*i + 1. Let p(s) = -s**2 - 2*s. Let t(m) = m**2 - 5*m + 1. Calculate the remainder when p(i) is divided by t(5).
0
Suppose a - 3 = h, -2 = -2*a + 3*h + 3. Suppose i - s = 6 + 1, 2*s - 40 = -a*i. What is the remainder when 34 is divided by i?
7
Let l be -1*1*(-2)/2. Calculate the remainder when 72/l - (10 - 8) is divided by 24.
22
Let j(b) = -5*b + 1. Let a be (-319)/(-55) + (-1)/(-5). Suppose -a*y = -y - 50. Calculate the remainder when y is divided by j(-1).
4
Let z(j) = j**2 + 5*j - 2. Suppose v + 2*a + 8 = 0, -3*a - 16 = 5*v - 4. Let q = 5 + v. Calculate the remainder when z(q) is divided by 25.
23
Suppose -z - 4*z + 11 = -3*y, 5*z - 4*y = 8. Suppose z*k - 52 = 44. Calculate the remainder when 46 is divided by k.
22
Suppose -u = 4*r - 245, 5*r - u = r + 251. What is the remainder when r is divided by 16?
14
Let s(z) = z**3 - 7*z**2 - 6*z + 12. Calculate the remainder when 54 is divided by s(8).
26
Suppose 0 = 4*c - 48 - 188. Calculate the remainder when c is divided by 30.
29
Let n be (-2 + (-13)/(-4))*8. Suppose 3*y - y = n. Suppose -y*x + 4*x = -26. Calculate the remainder when x is divided by 9.
8
Let k(s) = -s**3 - 14*s**2 - 14*s - 2. What is the remainder when (-344)/24*(-3)/1 is divided by k(-13)?
10
Calculate the remainder when 1/((-70)/71 - -1) is divided by 18.
17
Suppose l + 224 = 5*q, 2*l + 136 = 3*q + l. Let z = q + -16. Suppose 12 = 5*m - z. Calculate the remainder when 21 is divided by m.
5
Let o(f) = f**3 - 15*f**2 - 17*f + 39. What is the remainder when 68 is divided by o(16)?
22
Let a = 18 + 19. What is the remainder when a is divided by (5/2)/((-27)/(-12) + -2)?
7
Let y(f) = -3*f - 4. What is the remainder when (-1*1)/((-5)/(-350)*-5) is divided by y(-4)?
6
Let p = 9 + 16. Suppose 12*r - 33 = 135. What is the remainder when p is divided by r?
11
Let z = -4 + 15. Let d = 29 - 8. Calculate the remainder when d is divided by z.
10
Suppose -3*m + 0*m + 57 = 0. Suppose 15*n = 10*n + 50. Calculate the remainder when m is divided by n.
9
Suppose 5*j - 280 = -3*j. What is the remainder when 68 is divided by j?
33
Let i = -5 + 4. What is the remainder when 5 is divided by 0/(-3) - i - -3?
1
Let q(l) = -4*l - 51. Calculate the remainder when q(-18) is divided by 11.
10
Let t(z) = z**3 - 3*z**2 + 3*z + 3. Calculate the remainder when 122 is divided by t(4).
29
Suppose -8 = 2*f - 4. Let z = 32 - 17. What is the remainder when z is divided by 7 - (3 - 2) - f?
7
Suppose 13 = 4*l - 11. Let m = 4 + -4. What is the remainder when l is divided by ((-3)/9 - m)*-12?
2
Let u = -36 + 77. Suppose 6*g + 91 = g - 4*q, -q = -3*g - u. Let y = g - -34. Calculate the remainder when y is divided by 7.
5
Let t(h) = -h**3 - 3*h**2 + h - 2. Calculate the remainder when 28 is divided by t(-4).
8
Let v(t) = 26*t + 1. Let o be v(-1). Let b = o - -36. What is the remainder when b is divided by 6?
5
Suppose -15*m + 247 = -2*m. What is the remainder when 149 is divided by m?
16
Let q(z) = -12*z + 9. What is the remainder when q(-6) is divided by 12?
9
Suppose -f + 0*f - 5*q - 23 = 0, -3*f + 5*q = 9. Let v be 125/20 - (-2)/f. What is the remainder when v/(((-1)/(-5))/1) is divided by 16?
14
Suppose -4*a + 20 = 7*l - 2*l, -20 = -4*a. Suppose l = 3*x + q - 11 - 30, 2*x - 4*q = 46. What is the remainder when x is divided by 8?
7
Let l(n) = -n**3 + 3*n**2 + 2*n - 1. Calculate the remainder when l(-3) is divided by 22.
3
Let t = -2391 - -3641. What is the remainder when 90 is divided by (-1)/4 - t/(-40)?
28
Let x(i) = i**3 - 9*i**2 + 10*i - 3. Let z be x(8). Suppose g = 4*g - t - z, -t - 18 = -4*g. What is the remainder when 13 is divided by g?
3
Suppose 0 = -2*i + 2*m + 3*m + 29, 19 = i - m. Suppose -86 = 5*u - 291. Calculate the remainder when u is divided by i.
19
Let x(v) = 7*v + v - 4 - 12*v. What is the remainder when x(-3) is divided by 6?
2
Calculate the remainder when 43 is divided by (-4)/32 - (-356)/(-64)*-2.
10
Calculate the remainder when 0 - ((-71 - -4) + 1) is divided by 34.
32
Let z = 4 + -4. Let c = 2 + z. Suppose 0 = 2*v + 3*v - 4*k - 88, -c*k - 68 = -4*v. Calculate the remainder when 30 is divided by v.
14
Let v(q) = 2*q**2 - q - 2. Let k = -9 + 6. What is the remainder when 112/3*(-3)/(-2) is divided by v(k)?
18
Let d be (1/(-2))/((-4)/(-8)). Let a be -1 - d/(2 - 1). Suppose 4*g + 4*v - 44 = -a*v, 12 = -3*v. What is the remainder when 29 is divided by g?
14
Let j = 94 + -46. What is the remainder when 189 is divided by j?
45
Suppose -3*o = -3*p, -4*p - 4*o = -3*p. Suppose p = -j + 8. Calculate the remainder when 35 is divided by j/3*9/2.
11
Suppose 2*t = -t - 6. What is the remainder when (-7)/(t + (-21)/(-12)) is divided by 10?
8
Let u = -11 + 21. Let y = u + 14. Let r = y + -13. Calculate the remainder when 32 is divided by r.
10
Suppose -90 = -5*f - 13*f. What is the remainder when 22 is divided by f?
2
Let u(a) = -6*a**2 + 0 - a**3 + 5*a + 0 + 2*a**3 + 7. Let k be 1*(5 - 2) - -2. Calculate the remainder when 12 is divided by u(k).
5
Suppose -114 = f - 3*f. What is the remainder when f is divided by 12?
9
Let f(z) = -2*z + 87. Calculate the remainder when 41 is divided by f(36).
11
Suppose 5*d - d = 12. What is the remainder when 11 is divided by d?
2
Suppose -5*f = -43 - 62. Calculate the remainder when f is divided by 6.
3
Suppose -2*m = -2 - 4. Suppose -m*g - 2*g = -85. What is the remainder when g is divided by 6?
5
Let a(m) = m**3 + 2*m**2 - 2*m - 2. Let y be a(-2). Suppose 0 = o - y*o + 3. Suppose o*i = -0*i + 78. What is the remainder when i is divided by 9?
8
Suppose -60*x = -58*x - 74. What is the remainder when x is divided by 10?
7
Let q(u) = -u**3 + u**2 + u + 75. Let p be q(0). Suppose 0 = 5*g + 5*k - p, 4*g = -k - 4*k + 56. What is the remainder when 37 is divided by g?
18
Let z be (2/6)/((-4)/(-228)). Suppose -1 = -5*u + z. What is the remainder when u is divided by 2?
0
Suppose 5*v - 20 = 2*z, -v + 2*z + 12 = -0*z. Let c = 5 + 0. Calculate the remainder when c is divided by v.
1
Let v = 8 - 4. Suppose 0 = -2*u + v*u - 2. Suppose 4*x = 5 - u. Calculate the remainder when 1 is divided by x.
0
Suppose 20 - 101 = 3*x. Let c be 6/(-15) + (-227)/(-5). Let k = x + c. Calculate the remainder when 52 is divided by k.
16
Let x(s) = -s**2 + 9*s - 1. Let i = -14 - -21. What is the remainder when x(5) is divided by i?
5
Suppose 3*k = -0*k + y + 49, 5*k + 2*y = 67. What is the remainder when 24 is divided by k?
9
Suppose -2*v = 2*d - 20, 6*d = 2*d. Let u = -2 + 2. Suppose -r = 4 - u, 3*r + 29 = k. Calculate the remainder when k is divided by v.
7
Suppose -144 = -5*k - 3*m, -6*m = 3*k - 2*m - 82. What is the remainder when 58 is divided by k?
28
Suppose 0 = -z - 2*l + 1, 0*z + 17 = 3*z - l. What is the remainder when 0 - -1 - -1*13 is divided by z?
4
Let k(r) = r**3 + 5*r**2 + 4. Let a be k(-5). Suppose 3*g - a*g + 26 = 0. Calculate the remainder when g is divided by 7.
5
Suppose -3*k - 42 = -4*j + 3*j, 4*j - 112 = -2*k. What is the remainder when j is divided by 3?
0
Let t = 0 + -4. Let a(j) = -8*j + 1 + 6*j - 8*j. What is the remainder when a(t) is divided by 14?
13
Suppose 4*p - 36 = -0*p + 5*z, -2*p = -2*z - 20. Let k(c) = 7*c - c**2 - 3*c**2 + c**3 - 3*c**2 - 1. Calculate the remainder when p is divided by k(6).
4
Let q = -33 + 67. Calculate the remainder when q is divided by 19.
15
Suppose 1014 = 3*q + 216. Let n = q - 161. Suppose 6*d - n = d. What is the remainder